+ 67695 = 0. Is i a prime number?
True
Let o(l) = 3*l**2 + 25*l - 121. Is o(-47) prime?
False
Suppose -59*t + 92511 = -50*t. Is t prime?
False
Is 4 - ((-9379)/1)/1 a composite number?
True
Let k be -2 + ((-3)/(-3) - -1). Suppose m - 1046 - 536 = k. Suppose -5*u + 179 = -3*w - 1797, 4*u = 2*w + m. Is u prime?
True
Suppose 5*p = p + 12. Is ((-2)/4)/(p + 7660/(-2552)) a composite number?
True
Let s = 2 - 4. Let l be 3/s*(-336)/8. Suppose -a = -82 - l. Is a prime?
False
Let x(m) = -m**2 - 3*m - 2. Let u be x(-2). Suppose 10*q - 5*q + 1815 = u. Let p = q + 524. Is p a composite number?
True
Suppose 2*m + 6 - 4 = 0. Suppose 1 = -3*s + 4*u, -3*u - 1 + 4 = 0. Is (m*293)/(0 - s) a composite number?
False
Suppose l - 4*w + 191745 = 6*l, 5*l = 3*w + 191710. Is l composite?
True
Let i(h) = h**3 - 8*h**2 + 14*h - 8. Let n = 13 - 27. Let q = n - -23. Is i(q) prime?
True
Let v(j) = j**2 + 1. Let a be v(1). Suppose a*f - 482 = 2832. Is f prime?
True
Let n(f) = 3*f**2 + 7*f - 51. Is n(14) composite?
True
Suppose -182*y - 21767 = -183*y. Is y composite?
False
Let m(p) be the first derivative of -139*p**2/2 + 5*p + 38. Is m(-6) a prime number?
True
Let g = -56585 + 92694. Is g composite?
False
Is (-8 + 184/24)*(-6822)/2 a composite number?
True
Let a(b) = 46*b + 9. Let c be a(8). Let m = 1458 - c. Is m a composite number?
True
Suppose -38*o = -40*o + 26578. Is o a prime number?
False
Suppose 0 = 4*f + 18*f - 55462. Is f composite?
False
Let o(j) = -961*j - 120. Is o(-13) composite?
False
Let j = 32661 - 16532. Is j composite?
True
Suppose 0 = 2*h + 2*h - 4*z, 4*h - z = 9. Let p(f) = 66*f - 7. Is p(h) a prime number?
True
Suppose -6*k = -0*k - 18. Suppose s = -k*s + 216. Let p = s - -61. Is p a composite number?
True
Let y = 398 + 80. Let v = 519 + y. Is v prime?
True
Suppose 0 = m - w - 3643, 49*m = 48*m + 5*w + 3651. Is m composite?
True
Suppose -99 = -y + 31. Let k = y + 205. Suppose -z = -4*w + 883 + 508, -w - 4*z + k = 0. Is w a prime number?
True
Suppose -z - 3*a + 1745 = 0, -6*z + 5235 = -3*z + 5*a. Suppose 0 = -v - 450 + z. Suppose -2*p - v = -7*p. Is p a prime number?
False
Let l(r) = 61*r**3 - 3*r**2 + r - 2. Let n be l(2). Suppose -2*x + 302 + n = 0. Is x composite?
False
Let v(z) = 199*z**2 + 17*z + 19. Is v(-14) composite?
True
Let s(i) = -i**3 + i**2 + i + 863. Is s(0) composite?
False
Let l be 5*(-1*6)/(-2). Let b(s) = 4*s**2 - 16*s + 13. Is b(l) composite?
False
Let l(y) = 581*y - 117. Is l(6) prime?
False
Let i = 0 + 2. Suppose 4*o + 4*p - 2988 = 0, -i*p + 751 = o - 0*o. Is o prime?
True
Suppose 7*h + 5205 = 10*h + 3*d, 6922 = 4*h - 5*d. Is h composite?
False
Let v(z) = -71*z + 15. Let i = -25 - -27. Let y be ((-8)/i)/(2/4). Is v(y) a composite number?
True
Let t = -35 - -46. Let p(x) = -2*x + 25. Let k be p(t). Suppose -k*g + 3*z = -g - 69, g - 30 = -3*z. Is g prime?
False
Let r be -2 + 4 + (-460)/(-5). Suppose x = 583 + r. Is x composite?
False
Is ((-5971)/(-4))/((-686)/(-56) - 12) composite?
True
Let x be 9/(-6) - (-6)/4. Let h be (1 + x)/(2/4). Suppose h*i - i = -4*m + 532, 0 = -5*m + 3*i + 665. Is m composite?
True
Let s = 2746 - -501. Is s a prime number?
False
Let y(x) be the first derivative of -x**6/120 - 3*x**5/20 + x**4/4 + x**3/6 + 2*x**2 - 3. Let l(t) be the second derivative of y(t). Is l(-11) a prime number?
False
Let l = -7 - -12. Let w(g) = -7*g - 3*g + l + 2. Is w(-3) a composite number?
False
Suppose -9*j + 18 = -3*j. Suppose 4*p + 3*u + 783 = 5*p, -u = -j*p + 2357. Suppose -3*x - p = 4*m - 7*m, -5*x + 280 = m. Is m a composite number?
True
Let v be 2820/(-25) + (-1)/5. Let y = v + 336. Is y prime?
True
Let g(t) = -101*t**2 - 10*t - 11. Let c(q) = 152*q**2 + 15*q + 17. Let o(k) = -5*c(k) - 8*g(k). Is o(-4) a prime number?
True
Suppose 18 + 24 = -6*k. Let l(j) = 5*j**3 + 3*j**2 - j - 4. Let c(u) = -6*u**3 - 2*u**2 + 2*u + 4. Let r(y) = -4*c(y) - 5*l(y). Is r(k) a composite number?
True
Let c = 34 - 2. Suppose -15*y + 11*y = -c. Let h(u) = u**2 - 3*u - 17. Is h(y) composite?
False
Let i(s) = -26*s**2 + 8*s + 46. Let g be i(-8). Let b = 3045 + g. Is b a prime number?
False
Let p(h) = 7167*h**2 + 2*h. Is p(1) a prime number?
False
Suppose -60720 = -5*c - 4*u - u, -c = 5*u - 12132. Is c/4 - 2*(-3)/24 a prime number?
True
Let l(i) = 16486*i**2 - 33*i - 32. Is l(-1) composite?
False
Let t(v) = -3 + 10*v + 14*v + 15*v**2 - 18*v. Is t(2) a composite number?
True
Suppose -l = -3 - 0. Suppose 0 = -l*y + t + 4896, -4*y + 4*t + 4905 = -y. Is y prime?
False
Suppose -c + i = 313, 5*c = -4*i + 250 - 1860. Let h = c + 123. Let j = 292 + h. Is j a prime number?
True
Suppose -2*t = 3*w - 76279, -15*t - 101702 = -4*w - 17*t. Is w a composite number?
False
Let t(f) = -180*f**3 - 7*f**2 - 10*f - 4. Is t(-7) a prime number?
True
Suppose 4*j - 79 = -l, -2*l - 33 = -4*j + 49. Is 1535/j + 2/8 prime?
False
Suppose -4*f - 21976 = -4*s, -3*s + 4*f + 8494 + 7985 = 0. Is s composite?
True
Suppose -4*l + 390 = -29606. Is l a prime number?
True
Let q(g) = -g**2 + 4*g - 1. Let d be q(2). Suppose 51 - 9 = d*w. Is w prime?
False
Is ((-102)/(-14) - 7)*(-162358)/(-4) a composite number?
False
Suppose -2*d + b + 54018 + 10331 = 0, 32185 = d - 4*b. Is d prime?
True
Let u(q) = 143*q**2 + 2*q - 142*q**2 - 10 - 6. Is u(-13) a prime number?
True
Let d = -16 - -1. Let b be (6/d)/(4/(-20)). Is 352/33 - b/(-6) a composite number?
False
Let y = 32667 - 20968. Is y prime?
True
Let f(m) = -m**2 - 375. Let v be f(0). Let w(r) = -7*r**3 - 8*r**2 - 8*r - 3. Let x be w(-5). Let o = v + x. Is o a composite number?
False
Suppose -369 = -l - l - 3*s, 5*l + 3*s = 909. Let k = 118 + l. Is (3 + (-10)/4)*k prime?
True
Let d = -417 - -586. Suppose -173*p = -d*p - 3448. Is p a prime number?
False
Suppose n = -5*a + 2, 0*a + 4*a = -n + 2. Suppose -o - 2*u + 47 = -2*o, n*u + 100 = -2*o. Let l = -35 - o. Is l prime?
False
Let s(o) = -o**2 + o + 2. Suppose -7*a = -a. Let g be s(a). Is 18395/117 - g/9 a composite number?
False
Let h = -1638 + 2329. Is h prime?
True
Let a = 12047 - 5050. Is a prime?
True
Is (-12570)/(-21) + (-6)/(-14) a composite number?
False
Suppose -5 = 2*w - 9. Suppose -g - w*g = 0. Suppose 2*p + p - 477 = g. Is p composite?
True
Suppose -4*o + 5*j + 201 = 0, 0 = 4*o - 0*o + 2*j - 166. Suppose o = 6*r - 1978. Is r composite?
False
Let w = 371 + 380. Let q = w + -432. Is q a prime number?
False
Let p(o) = -3*o**3 - 7*o**2 - 5*o + 6. Let q(y) = 5*y**3 + 14*y**2 + 9*y - 11. Let z(w) = 7*p(w) + 4*q(w). Let u be (14 + -13)/((-1)/(-5)). Is z(u) composite?
False
Suppose -4*j - 3*b = 37 - 0, j - 4*b - 5 = 0. Let w(c) = c**2 + 7*c + 2. Let l be w(j). Suppose 22 = n + 2*t, -7 + 29 = n - l*t. Is n a composite number?
True
Let b = 3 - 8. Let p = b - -15. Is (-383)/(-5) - p/(-25) a prime number?
False
Let a = 12 + 4. Let m be 29 - ((-2)/(-2) - 1). Suppose 3*l - a = m. Is l a composite number?
True
Let t be 1*((-8)/(-4) - 2). Suppose -1087 = 3*p - 2*r, -721 = 2*p - t*p - 5*r. Let d = -152 - p. Is d composite?
False
Let n(y) = -y + 9 + 2*y + y**2 + 6*y + 3*y. Let z be n(-7). Let o(m) = m**3 + 15*m**2 + 10*m + 17. Is o(z) prime?
False
Suppose f + 16 = -5*q, 3*q - 3 = f - 11. Is 0 - (q + 2)*291 composite?
True
Let y = -239 + 469. Let d = y - 85. Is d a composite number?
True
Suppose 15*z - 1116 = 38919. Is z a composite number?
True
Suppose 9118 - 3430 = -2*s. Let k = -1757 - s. Is k a prime number?
True
Let m be -7 - (-2)/4*6. Let o(q) = 3*q**2 + 7*q - 5. Is o(m) a composite number?
True
Suppose 5*x - 1856 = -y - 455, 5*x = 2*y + 1398. Suppose h + x = 3*a - 332, -218 = -a + 5*h. Is a prime?
False
Let b(n) = 7*n**2 - 8*n + 22. Let o be b(10). Suppose f - 1 = 0, 0 = 5*i - 4*f + 1517 - 308. Let z = o + i. Is z composite?
False
Suppose 3*j + 3*g = 306, -4*j + 2*j + 2*g + 220 = 0. Let t = 253 + j. Is t a composite number?
False
Let d(l) = 222*l + 57. Suppose -9*n = -7*n - 24. Is d(n) composite?
True
Suppose 6*u - 58525 = -j + 3*u, -5*u = -5*j + 292705. Is j prime?
True
Let o = 21 + -21. Suppose o*a = 5*a + 3*c - 3505, -4*a + 2804 = 5*c. Is a composite?
False
Is 3/7 - 139488/(-84) a prime number?
False
Let f(a) = 11*a**2 + 12*a**2 - 18*a**2 + 53 - 6*a. Is f(12) a prime number?
True
Suppose 23*l - l = 212542. Is l composite?
False
Let k(h) = -8*h + 7. Is k(-12) a prime number?
True
Suppose 0 